 = -10 + 26. Suppose -j - 4*r + x = 2*j, 0 = 5*j - 2*r - 18. Suppose -4*g = -4*f + 163 - 35, 29 = f - j*g. Is f a prime number?
False
Let p = 64 + 96. Suppose -15 = j - 4*j. Suppose -5 + p = j*n. Is n a prime number?
True
Let q = 4452 + 299. Is q prime?
True
Suppose 22*v = 37*v - 350355. Is v prime?
True
Suppose -4*k = 0, 0 = u + 3*u - 3*k - 268. Let c = 173 - u. Is c prime?
False
Suppose 4536300 = -75*m + 135*m. Is m a prime number?
False
Let f(u) = u**2 + 13*u + 19. Let r be f(-12). Is 4/(-7) - (-235)/r prime?
False
Is 15*1095 - (5 + -13) a composite number?
False
Suppose 4*u + 768 = -f, 7*u - 2*u - 3*f = -960. Let o be (0 - 1)/(-2)*u. Let q = o - -189. Is q prime?
False
Let c be 86214/48 + 3/(-24). Suppose -5*h = m - c, 5*h = -2*m + 401 + 3196. Is m a composite number?
False
Let d(q) = -5*q**3 + 8*q - 14. Is d(-5) a prime number?
True
Let r = 510 - 343. Is r a composite number?
False
Suppose 5*c - 27698 = -3*a, 0 = 5*a - 7 + 2. Is c a prime number?
False
Let h be 1457/(-2)*(-6)/3. Suppose h = -8*w + 12537. Is w prime?
False
Suppose -3501 - 47452 = -7*p. Is p a composite number?
True
Suppose -3*x - x + 8 = -2*i, 0 = -4*i - x + 11. Suppose -i*q - q = 4*g - 2515, 2*g - 1250 = -4*q. Is g a prime number?
True
Let c be ((-4)/3)/(6/(-1791)). Suppose 2*o - 236 = c. Is o composite?
False
Let z = 88 - 20. Let m = 253 - z. Is m composite?
True
Suppose t = -3*q + 106, 5*t - 2*q - 305 - 310 = 0. Is t prime?
False
Let d be -3*(4/6)/(-1). Let y(m) = -18*m + 131. Let w be y(-28). Suppose -s + d*s - w = 0. Is s prime?
False
Let c(o) = -5*o - 16. Let v(z) = -6*z + 13. Let k be v(9). Let d = k - -24. Is c(d) prime?
False
Let j(n) = n**2 + n. Let c(i) = -i**3 - 3*i**2 + 4. Let p be c(-3). Let x be j(p). Is ((-190)/x)/(2/(-12)) prime?
False
Suppose 3 = -7*f + 8*f. Suppose 0 = f*t - 1258 - 149. Is t a composite number?
True
Suppose 9 = -3*u, 77 = -0*g + g - 4*u. Is 2429/13 - (-10)/g prime?
False
Let v(d) = -7 + 8 + 4 - 41*d. Let g(j) = j**3 - 4*j**2 - 6*j - 1. Let w be g(5). Is v(w) a composite number?
False
Let k(n) = n**2 + 5*n + 6. Let m be k(-3). Suppose 0*c - 4*c + 12 = m. Suppose 0 = -c*q + 1221 + 276. Is q prime?
True
Let b(u) = -104*u**3 - 3*u**2 - 4*u - 4. Let k be b(-2). Let f = k + -345. Is f a composite number?
False
Suppose -13 + 21 = 2*d. Suppose -5*f + 737 = -i - 1709, -2*i = d*f - 1954. Is f a composite number?
True
Let x be (348 - 1)/((-2)/(-6)). Suppose 2481 = 6*s - x. Is s a composite number?
False
Let f be 4/(-4) - (0 - 2). Let h be (1 - -4*58)*f. Suppose 5*c = 3*i + h, -5*i + 68 = 2*c - 19. Is c a prime number?
False
Suppose -3*a = 4*j - 10055, -5*a + j - 2073 + 18793 = 0. Suppose -5*d - 1991 = -3*t - 0*t, 5*t = -5*d + a. Is t a prime number?
False
Let g(q) = q**3 + 5*q**2 + q - 6. Let b be g(-5). Let y = 196 + b. Is y a composite number?
True
Let b(q) = q**2 - 33*q + 57. Is b(-25) composite?
True
Let a = 32 + -26. Let t(h) = 26*h**2 + 3*h + 13. Is t(a) a composite number?
False
Let x = 9689 + -467. Let d = -5405 + x. Is d composite?
True
Let q = -4788 - -7737. Is q composite?
True
Is 8597 + (-10)/15*-12 a prime number?
False
Let m(z) be the first derivative of 29*z**3/3 - 13*z**2/2 - 13*z - 16. Is m(-7) a composite number?
False
Let c(p) = p**2 + 21*p - 17. Let o = 1 + -15. Let r be c(o). Is (r - (-5 + 3))/(-1) a composite number?
False
Let v = 8 - 5. Let d be 12 + (-2*v - -3). Suppose 4*f = d*f - 635. Is f a composite number?
False
Let g = -16 - -40. Suppose 0 = -0*o + 4*o - g. Suppose 10*w - 1604 = o*w. Is w composite?
False
Suppose -9*f - 20 = -14*f. Suppose f*h = -h - 25, -5*k + 4*h = -3815. Suppose -135 = -2*v + k. Is v prime?
False
Suppose 5*c + 6 = -3*u, -2 - 2 = 2*u + 4*c. Is (667/u - 2 - 3)*-2 composite?
False
Let y = 154 + 308. Suppose 2*k - y - 512 = 0. Is k a prime number?
True
Let i(m) = 7*m - 22*m + 10*m + 2 + m**2. Let d be i(5). Suppose d*y - 438 = -y. Is y a prime number?
False
Suppose 4*g + 1760 = -4*u + 8*g, 5*u + 2200 = 3*g. Let w = 846 + u. Suppose -4*n = 3*t - w, -204 = -2*n - t - 0*t. Is n prime?
True
Suppose 19*j - 62865 = 16*j. Suppose -11*l = -26*l + j. Is l prime?
False
Let k be (-32)/(-4) - (-4 + 7). Suppose 4*v + 3*d = -12, 6*v - v - k*d = 20. Suppose 0 = -v*b - 4*b + 804. Is b composite?
True
Suppose 10*y - 11*y + 2 = 0. Suppose -5*w = -4*w + 5*q - 817, 2*w - 1602 = -y*q. Is w prime?
True
Let r(j) = -j**2 - 15*j + 62. Let l be r(-18). Is 236 + (-6)/l + (-7)/28 a composite number?
True
Suppose 5*i = -11*i + 37328. Is i prime?
True
Let b = -4291 - -8375. Let h = b + -2391. Is h prime?
True
Let w(n) = 394*n**2 - 13*n + 6. Is w(5) a composite number?
False
Let l(a) = 3 - 6 + 87*a - 17. Is l(11) prime?
True
Let j(q) = -3*q + 1108. Let r be j(0). Let p = r - -943. Is p a composite number?
True
Let s = -14213 - -22714. Is s prime?
True
Suppose 12 = 4*j, 4*d + 823 - 12870 = -j. Is d a composite number?
False
Let o(l) = 2*l**2 + 55. Let s(g) = 2*g**2 + 53. Let y(c) = -6*o(c) + 7*s(c). Is y(31) a composite number?
True
Let x be (22 - 19)*-1*(-2 - -1). Is 3 - x - 2 - -1069 a composite number?
True
Is (-2)/(-4) - (-223312)/32 a prime number?
False
Let n be 6/(-9) + -1 + (-37)/3. Let p(o) = -6*o + 5. Is p(n) composite?
False
Suppose 0 = -4*l + 20*v - 23*v + 27794, -27784 = -4*l + 2*v. Is l composite?
False
Suppose -4*u + 5 = -3*u. Suppose 5*w = -4*z - 6, -w - u*z - 3 = 3*w. Is (-333)/(-6) - 3/w composite?
True
Let l(d) = 2*d - d + 1 + 1 + 2. Let x be l(-2). Suppose -4*v + 2438 = x*b, -12 = 5*b - b. Is v a composite number?
True
Is 10 + -20 - -5 - -11776 a prime number?
False
Let o(b) be the second derivative of -23*b**3/3 - b**2/2 + 2*b. Is o(-2) prime?
False
Let v(z) = 1798*z**2 - 48*z - 5. Is v(-4) composite?
True
Suppose 7*f - 72348 = -5*f. Is f a composite number?
False
Is (-8)/(-28) + (-3 - 114012/(-14)) a composite number?
True
Let u(q) = 4 + 12*q**2 - 15 + q + 0*q**3 + q**3. Let h be u(-8). Suppose -3*m = -516 - h. Is m prime?
True
Suppose 2*z = 53*t - 55*t + 197476, z + 296234 = 3*t. Is t a composite number?
True
Let t(m) = 1359*m. Let p(j) = -6795*j + 1. Let v(x) = 2*p(x) + 11*t(x). Is v(1) prime?
True
Let k(i) = 211*i + 17. Let y be k(5). Suppose 4*z + 811 = -f + 4*f, 0 = -4*f + 3*z + y. Is f a prime number?
False
Suppose 0 = -3*h + 8*h + 180. Let r be (-16)/(-3) + 48/h. Suppose -2*v + 1325 = v - 4*u, r*v - 5*u - 1766 = 0. Is v composite?
False
Suppose -19 = -2*u + 3*z, u - z + 5*z = -18. Let j be (1/(u - 1))/(-1). Is 0 - j - (-89 + 1) a composite number?
False
Suppose -u + 27 = 4*f + 2*u, 2*f - 3 = -5*u. Suppose f*g = g + 2440. Is g a composite number?
True
Suppose 4*h + b - 271 = 0, 2*b - 370 = -5*h + 7*b. Let v(l) = 14*l - 12. Let u be v(5). Let m = u + h. Is m a composite number?
False
Let o be (-28)/24 + (-6)/(-36). Let k(f) = -20*f**3 + 2*f**2 - 1. Is k(o) a prime number?
False
Suppose 2*m - 2*j + 3 = 1, 0 = -4*m + j - 10. Let a(p) = 0*p + 4*p - 3*p**3 - 5 - 6*p + 3. Is a(m) a composite number?
True
Suppose 2*y - q = 44355, -12*y + 11*y + q = -22178. Is y a prime number?
False
Let u(n) = 865*n**2 - 4*n - 7. Let l be u(-2). Let y = -1282 + l. Is y a prime number?
True
Suppose 8*n = 4*j + 3*n, 0 = 4*j - 3*n. Suppose o - 1331 - 146 = j. Is o prime?
False
Let x be 12946/5 + (-1)/5. Let b = x - 1844. Is b composite?
True
Suppose -3*q - 12711 = -5*g - 3220, 2*g + 2*q - 3806 = 0. Suppose 0*v - 5*v + g = 0. Suppose 0 = 5*i - 2475 + v. Is i a composite number?
False
Let x(q) = 8*q**2 + 10*q + 1. Let d be x(-6). Suppose -1426 - d = -l. Is l composite?
True
Let t be (-5 - -1) + -13 + 17. Is 18/(-9) + (217 - t) prime?
False
Is ((-121)/44)/((-3)/15324) a composite number?
True
Let q(z) = 18*z**2 - 2*z - 103. Is q(-25) composite?
False
Suppose 0 = 4*r + 150 + 150. Let p = r - -229. Suppose -3*k + 4*o = -239, 0*k - 2*k + 4*o + p = 0. Is k prime?
False
Suppose f = 3*p + 1733 + 884, -2*p + 7829 = 3*f. Is f composite?
True
Let i = -1819 - -11714. Is i composite?
True
Suppose 7*b + 92 = 3*b. Let j = b + 45. Suppose j - 99 = -l. Is l prime?
False
Let b(y) = 3409*y**2 - 10*y - 12. Is b(-1) a prime number?
True
Is ((-3)/9)/(1/(-2721)) a prime number?
True
Let l(r) = -8*r**2 - 12*r + 1. Let k(g) = -24*g**2 - 36*g + 4. Let s(w) = -4*k(w) + 11*l(w). Is s(9) composite?
False
Suppose 1761 = 3*h - 3*u, -4*h + 3*u + 444 + 1904 = 0.